{"id":762,"date":"2024-12-19T22:00:02","date_gmt":"2024-12-19T21:00:02","guid":{"rendered":"https:\/\/miniatrains-modeles.com\/?post_type=product&#038;p=762"},"modified":"2025-10-01T20:24:13","modified_gmt":"2025-10-01T19:24:13","slug":"hom-locotracteur-x-sans-jupes-cfd","status":"publish","type":"product","link":"https:\/\/miniatrains-modeles.com\/?product=hom-locotracteur-x-sans-jupes-cfd","title":{"rendered":"HOm &#8211; Locotracteur X sans jupes &#8211; CFD"},"content":{"rendered":"<p>Le locotracteur X est construit par les CFD aux ateliers Montmirail en 1948, sur le ch\u00e2ssis de la locomotive CFD Yonne n\u00b0 23 (031 Saint-L\u00e9onard 726 de 1887), num\u00e9ro 107A. Dot\u00e9 d&rsquo;une motorisation Will\u00e8me F8M 517P \u00e0 8 cylindres en ligne de 180 ch pour une masse de 16 tonnes et une longueur de 6,3m sa vitesse est limit\u00e9e \u00e0 45km\/h. Il servait au transport et \u00e0 la manoeuvre des wagons de marchandises sur le r\u00e9seau des CFD Vivarais. A la fermeture de ce r\u00e9seau il est confi\u00e9 au CFV o\u00f9 il est toujours en activit\u00e9. Il aura cependant \u00e9t\u00e9 l\u00e9g\u00e8rement modernis\u00e9 avec les ann\u00e9es.<\/p>\n<p><strong><u>Caract\u00e9ristiques\u00a0:<\/u><\/strong><\/p>\n<p>Ce mod\u00e8le \u00e9voque la caisse du locotracteur CFD X sans jupes. Le kit est tr\u00e8s simple \u00e0 monter puisqu\u2019il se pr\u00e9sente sous la forme d\u2019une seule pi\u00e8ce pour la caisse et des pi\u00e8ces rapport\u00e9es pour les accessoires. La peinture s\u2019effectue facilement. L&rsquo;\u00e9tat de surface est extr\u00eamement fin ce qui ne demande aucune pr\u00e9paration avant peinture.<\/p>\n<p>Cette caisse est pr\u00e9vue pour s&rsquo;adapter sur un ch\u00e2ssis de locomotive \u00e0 vapeur 030 du commerce. Ici la motorisation est assur\u00e9e par un mod\u00e8le de la marque Hornby TT3002M.<\/p>\n<p>L\u2019impression 3D est d\u2019une grande finesse (couches de 3 microns). Nous utilisons \u00e9galement la r\u00e9sine de haute qualit\u00e9 (AMD-3) de chez Ameralabs. Cette derni\u00e8re est sp\u00e9cifiquement pr\u00e9vue pour obtenir des impressions fines, robustes et durables dans le temps.<\/p>\n<p><strong><u>Pi\u00e8ces livr\u00e9es dans le kit\u00a0: <\/u><\/strong><\/p>\n<ul>\n<li>Une pi\u00e8ce : la caisse et son ch\u00e2ssis en r\u00e9sine issu d\u2019impression 3D. Le tout est pr\u00eat pour la mise en peinture.<\/li>\n<li>2 tampons \u00ab\u00a0simple\u00a0\u00bb en impression 3D.<\/li>\n<li>2 tampons\/attelage \u00e0 boucle.<\/li>\n<li>La trompe de l&rsquo;avertisseur sonore.<\/li>\n<li>4 feux (2 \u00e0 l&rsquo;avant et 2 \u00e0 l&rsquo;arri\u00e8re).<\/li>\n<li>Vitrage \u00e0 d\u00e9couper.<\/li>\n<li>Profil\u00e9 laiton pour former le garde corps.<\/li>\n<\/ul>\n","protected":false},"excerpt":{"rendered":"<p>Le locotracteur X est construit par les CFD aux ateliers Montmirail en 1948, sur le ch\u00e2ssis de la locomotive CFD Yonne n\u00b0 23 (031 Saint-L\u00e9onard 726 de 1887), num\u00e9ro 107A. Dot\u00e9 d&rsquo;une motorisation Will\u00e8me F8M 517P \u00e0 8 cylindres en ligne de 180 ch pour une masse de 16 tonnes et une longueur de 6,3m [&hellip;]<\/p>\n","protected":false},"featured_media":763,"comment_status":"open","ping_status":"closed","template":"","meta":{"_monsterinsights_skip_tracking":false,"_monsterinsights_sitenote_active":false,"_monsterinsights_sitenote_note":"","_monsterinsights_sitenote_category":0},"product_brand":[],"product_cat":[33,28],"product_tag":[],"class_list":{"0":"post-762","1":"product","2":"type-product","3":"status-publish","4":"has-post-thumbnail","6":"product_cat-hom-locotracteurs","7":"product_cat-locotracteur","9":"first","10":"instock","11":"shipping-taxable","12":"purchasable","13":"product-type-simple"},"aioseo_notices":[],"_links":{"self":[{"href":"https:\/\/miniatrains-modeles.com\/index.php?rest_route=\/wp\/v2\/product\/762","targetHints":{"allow":["GET"]}}],"collection":[{"href":"https:\/\/miniatrains-modeles.com\/index.php?rest_route=\/wp\/v2\/product"}],"about":[{"href":"https:\/\/miniatrains-modeles.com\/index.php?rest_route=\/wp\/v2\/types\/product"}],"replies":[{"embeddable":true,"href":"https:\/\/miniatrains-modeles.com\/index.php?rest_route=%2Fwp%2Fv2%2Fcomments&post=762"}],"wp:featuredmedia":[{"embeddable":true,"href":"https:\/\/miniatrains-modeles.com\/index.php?rest_route=\/wp\/v2\/media\/763"}],"wp:attachment":[{"href":"https:\/\/miniatrains-modeles.com\/index.php?rest_route=%2Fwp%2Fv2%2Fmedia&parent=762"}],"wp:term":[{"taxonomy":"product_brand","embeddable":true,"href":"https:\/\/miniatrains-modeles.com\/index.php?rest_route=%2Fwp%2Fv2%2Fproduct_brand&post=762"},{"taxonomy":"product_cat","embeddable":true,"href":"https:\/\/miniatrains-modeles.com\/index.php?rest_route=%2Fwp%2Fv2%2Fproduct_cat&post=762"},{"taxonomy":"product_tag","embeddable":true,"href":"https:\/\/miniatrains-modeles.com\/index.php?rest_route=%2Fwp%2Fv2%2Fproduct_tag&post=762"}],"curies":[{"name":"wp","href":"https:\/\/api.w.org\/{rel}","templated":true}]}}