{"id":557,"date":"2024-02-28T17:39:05","date_gmt":"2024-02-28T16:39:05","guid":{"rendered":"https:\/\/miniatrains-modeles.com\/?post_type=product&#038;p=557"},"modified":"2026-03-04T15:53:34","modified_gmt":"2026-03-04T14:53:34","slug":"h0m-remorque-de-dion-bouton-postale-bachee-de-type-nf-cfd","status":"publish","type":"product","link":"https:\/\/miniatrains-modeles.com\/?product=h0m-remorque-de-dion-bouton-postale-bachee-de-type-nf-cfd","title":{"rendered":"H0m \u2013 Remorque De Dion Bouton \u00ab\u00a0Postale B\u00e2ch\u00e9e\u00a0\u00bb de type NF &#8211; CFD"},"content":{"rendered":"<p>Ces remorques De Dion Bouton de type NF \u00e0 un essieu sont id\u00e9ales pour agr\u00e9menter les voies de garage de vos r\u00e9seaux. Elles pourront \u00e9galement rouler derri\u00e8re un autorail De Dion Bouton NC\/ND ou encore derri\u00e8re un autorail Billard A80D. Ces deux autorails sont pr\u00e9vus au catalogue REE Mod\u00e8le. On pouvait \u00e9galement les voir attach\u00e9es derri\u00e8re une remorque voyageur De Dion Bouton de type NE que nous proposons \u00e0 notre catalogue.<\/p>\n<p><strong><u>Caract\u00e9ristiques\u00a0:<\/u><\/strong><\/p>\n<p>Ce mod\u00e8le \u00e9voque les remorques n\u00b061 et n\u00b063 dans une version b\u00e2ch\u00e9e. Le kit est tr\u00e8s simple \u00e0 monter puisqu&rsquo;il se pr\u00e9sente sous la forme d&rsquo;une seule pi\u00e8ce. La peinture s&rsquo;effectue facilement. Voir la notice vid\u00e9o pour plus de d\u00e9tails :\u00a0<a href=\"https:\/\/www.youtube.com\/watch?v=Lbj5ZBeyErQ&amp;t=368s\">https:\/\/www.youtube.com\/watch?v=Lbj5ZBeyErQ&amp;t=368s<\/a> .Une fois la peinture termin\u00e9e il suffira d&rsquo;installer l&rsquo;essieu fourni par nos soins.<\/p>\n<p>L&rsquo;impression 3D est d&rsquo;une grande finesse (couches de 3 microns). Nous utilisons \u00e9galement la r\u00e9sine de haute qualit\u00e9 (AMD-3) de chez Ameralabs. Cette derni\u00e8re est sp\u00e9cifiquement pr\u00e9vue pour obtenir des impressions fines, robustes et durables dans le temps.<\/p>\n<p><strong><u>Pi\u00e8ces livr\u00e9es dans le kit\u00a0: <\/u><\/strong><\/p>\n<ul>\n<li>Une pi\u00e8ce : la caisse et son ch\u00e2ssis en r\u00e9sine issu d\u2019impression 3D. Le tout est pr\u00eat pour la mise en peinture.<\/li>\n<li>Un essieu HOm.<\/li>\n<li>Un tampon en impression 3D compatible avec un Billard A80D REE afin de tracter la remorque.<\/li>\n<\/ul>\n<p><strong><u>Un peu d\u2019histoire\u00a0:<\/u><\/strong><\/p>\n<p>Construites par les \u00e9tablissements De Dion Bouton (num\u00e9ros du constructeur : 59 \u00e0 64) ces remorques sont r\u00e9serv\u00e9es au transport des bagages en des messagerie d&rsquo;o\u00f9 l&rsquo;appellation \u00ab\u00a0remorque postale\u00a0\u00bb. Elle sont attel\u00e9es au crochet sous tampon des autorails par le biais d&rsquo;un timon triangulaire faisant office de b\u00e9quille pr\u00e9sent \u00e0 chaque extr\u00e9mit\u00e9. Cela \u00e9vitait donc les probl\u00e8mes de retournement en fin de parcours.<\/p>\n","protected":false},"excerpt":{"rendered":"<p>Ces remorques De Dion Bouton de type NF \u00e0 un essieu sont id\u00e9ales pour agr\u00e9menter les voies de garage de vos r\u00e9seaux. Elles pourront \u00e9galement rouler derri\u00e8re un autorail De Dion Bouton NC\/ND ou encore derri\u00e8re un autorail Billard A80D. Ces deux autorails sont pr\u00e9vus au catalogue REE Mod\u00e8le. On pouvait \u00e9galement les voir attach\u00e9es [&hellip;]<\/p>\n","protected":false},"featured_media":577,"comment_status":"open","ping_status":"closed","template":"","meta":{"_monsterinsights_skip_tracking":false,"_monsterinsights_sitenote_active":false,"_monsterinsights_sitenote_note":"","_monsterinsights_sitenote_category":0},"product_brand":[],"product_cat":[27],"product_tag":[],"class_list":{"0":"post-557","1":"product","2":"type-product","3":"status-publish","4":"has-post-thumbnail","6":"product_cat-materiel-marchandise","8":"first","9":"instock","10":"shipping-taxable","11":"purchasable","12":"product-type-simple"},"aioseo_notices":[],"_links":{"self":[{"href":"https:\/\/miniatrains-modeles.com\/index.php?rest_route=\/wp\/v2\/product\/557","targetHints":{"allow":["GET"]}}],"collection":[{"href":"https:\/\/miniatrains-modeles.com\/index.php?rest_route=\/wp\/v2\/product"}],"about":[{"href":"https:\/\/miniatrains-modeles.com\/index.php?rest_route=\/wp\/v2\/types\/product"}],"replies":[{"embeddable":true,"href":"https:\/\/miniatrains-modeles.com\/index.php?rest_route=%2Fwp%2Fv2%2Fcomments&post=557"}],"wp:featuredmedia":[{"embeddable":true,"href":"https:\/\/miniatrains-modeles.com\/index.php?rest_route=\/wp\/v2\/media\/577"}],"wp:attachment":[{"href":"https:\/\/miniatrains-modeles.com\/index.php?rest_route=%2Fwp%2Fv2%2Fmedia&parent=557"}],"wp:term":[{"taxonomy":"product_brand","embeddable":true,"href":"https:\/\/miniatrains-modeles.com\/index.php?rest_route=%2Fwp%2Fv2%2Fproduct_brand&post=557"},{"taxonomy":"product_cat","embeddable":true,"href":"https:\/\/miniatrains-modeles.com\/index.php?rest_route=%2Fwp%2Fv2%2Fproduct_cat&post=557"},{"taxonomy":"product_tag","embeddable":true,"href":"https:\/\/miniatrains-modeles.com\/index.php?rest_route=%2Fwp%2Fv2%2Fproduct_tag&post=557"}],"curies":[{"name":"wp","href":"https:\/\/api.w.org\/{rel}","templated":true}]}}