{"id":484,"date":"2021-12-26T22:28:00","date_gmt":"2021-12-26T21:28:00","guid":{"rendered":"https:\/\/miniatrains-modeles.com\/?page_id=484"},"modified":"2021-12-26T22:29:44","modified_gmt":"2021-12-26T21:29:44","slug":"elementor-484","status":"publish","type":"page","link":"https:\/\/miniatrains-modeles.com\/?page_id=484","title":{"rendered":"FAQ"},"content":{"rendered":"\t\t<div data-elementor-type=\"wp-page\" data-elementor-id=\"484\" class=\"elementor elementor-484\">\n\t\t\t\t\t\t<section class=\"elementor-section elementor-top-section elementor-element elementor-element-046fe17 elementor-section-boxed elementor-section-height-default elementor-section-height-default\" data-id=\"046fe17\" data-element_type=\"section\" data-e-type=\"section\">\n\t\t\t\t\t\t<div class=\"elementor-container elementor-column-gap-default\">\n\t\t\t\t\t<div class=\"elementor-column elementor-col-100 elementor-top-column elementor-element elementor-element-dc2a77a\" data-id=\"dc2a77a\" data-element_type=\"column\" data-e-type=\"column\">\n\t\t\t<div class=\"elementor-widget-wrap elementor-element-populated\">\n\t\t\t\t\t\t<div class=\"elementor-element elementor-element-284005a elementor-widget elementor-widget-heading\" data-id=\"284005a\" data-element_type=\"widget\" data-e-type=\"widget\" data-widget_type=\"heading.default\">\n\t\t\t\t<div class=\"elementor-widget-container\">\n\t\t\t\t\t<h2 class=\"elementor-heading-title elementor-size-default\">FAQ - Questions\/R\u00e9ponses<\/h2>\t\t\t\t<\/div>\n\t\t\t\t<\/div>\n\t\t\t\t\t<\/div>\n\t\t<\/div>\n\t\t\t\t\t<\/div>\n\t\t<\/section>\n\t\t\t\t<section class=\"elementor-section elementor-top-section elementor-element elementor-element-41193cc elementor-section-boxed elementor-section-height-default elementor-section-height-default\" data-id=\"41193cc\" data-element_type=\"section\" data-e-type=\"section\">\n\t\t\t\t\t\t<div class=\"elementor-container elementor-column-gap-default\">\n\t\t\t\t\t<div class=\"elementor-column elementor-col-100 elementor-top-column elementor-element elementor-element-42b96fa\" data-id=\"42b96fa\" data-element_type=\"column\" data-e-type=\"column\">\n\t\t\t<div class=\"elementor-widget-wrap elementor-element-populated\">\n\t\t\t\t\t\t<div class=\"elementor-element elementor-element-e040c0d elementor-widget elementor-widget-text-editor\" data-id=\"e040c0d\" data-element_type=\"widget\" data-e-type=\"widget\" data-widget_type=\"text-editor.default\">\n\t\t\t\t<div class=\"elementor-widget-container\">\n\t\t\t\t\t\t\t\t\t<p>En combien de temps suis-je livr\u00e9 ?<span class=\"Apple-converted-space\">\u00a0<\/span><\/p><p>Vos commandes sont g\u00e9n\u00e9ralement exp\u00e9di\u00e9es sous deux jours ouvr\u00e9s. Toutefois si il est n\u00e9c\u00e9ssaire de produire une pi\u00e8ce n\u2019\u00e9tant pas en stock alors ce d\u00e9lai peut s\u2019\u00e9tendre \u00e0 une semaine. Colissimo se charge du reste et livre g\u00e9n\u00e9ralement sous 48h.<span class=\"Apple-converted-space\">\u00a0<\/span><\/p><p>Le paiement en ligne est-il s\u00e9curis\u00e9 ?<span class=\"Apple-converted-space\">\u00a0<\/span><\/p><p>Oui, soyez tranquilles ! Nous travaillons avec STRIPE qui est \u00e0 ce jour le leader mondial des processeurs de paiements. Enfin le site est prot\u00e9g\u00e9 par un certificat SSL.<span class=\"Apple-converted-space\">\u00a0<\/span><\/p><p>Comment le prix d\u2019un mod\u00e8le est-il d\u00e9fini ?<span class=\"Apple-converted-space\">\u00a0<\/span><\/p><p>Plusieurs facteurs sont \u00e0 prendre en compte. Le temps de conception bien \u00e9videment mais surtout le temps de d\u2019impression. Globalement plus une pi\u00e8ce est grande moins vous pouvez en imprimer sur un m\u00eame plateau. Une grande pi\u00e8ce est \u00e9galement synonyme d\u2019un plus long temps d\u2019impression.<span class=\"Apple-converted-space\">\u00a0<\/span><\/p><p>La r\u00e9sine est-elle r\u00e9sistante ?<span class=\"Apple-converted-space\">\u00a0<\/span><\/p><p>Oui dans la mesure du raisonnable. Plus la pi\u00e8ce est fine plus les d\u00e9tails sont fragiles. Cependant la r\u00e9sine offre une flexibilit\u00e9 naturelle permettant d\u2019\u00e9viter la casse des petits d\u00e9tails. Nous livrons syst\u00e9matiquement un suppl\u00e9ment de pi\u00e8ces de d\u00e9taillage car vous avez le droit \u00e0 l\u2019erreur.<span class=\"Apple-converted-space\">\u00a0<\/span><\/p><p>Puis-je commander si une pi\u00e8ce n\u2019est plus en stock ?<span class=\"Apple-converted-space\">\u00a0<\/span><\/p><p>Oui si l\u2019option est disponible. Dans ce cas il faudra compter un d\u00e9lai de production qui est g\u00e9n\u00e9ralement d\u2019une semaine.\u00a0<\/p><p>Pourquoi ne pas fournir les roues ou les attelages dans vos kits ?<span class=\"Apple-converted-space\">\u00a0<\/span><\/p><p>Nos kits sont con\u00e7us pour prendre en charge certains types d\u2019essieux (REE, Bemo, ect\u2026). Notre objectif est de fournir une base saine et simple \u00e0 assembler aux amateurs tout en leur laissant la possibilit\u00e9 de choisir les attelages. Il en existe tellement qu\u2019on pr\u00e9f\u00e8re vous laisser le choix. Cela permet \u00e9galement de vous proposer un prix plus juste.<span class=\"Apple-converted-space\">\u00a0<\/span><\/p><p>Les surfaces sont-elles pr\u00eates pour peinture ?<span class=\"Apple-converted-space\">\u00a0<\/span><\/p><p>Oui ! Cependant nous vous conseillons vivement d\u2019\u00e9liminer les r\u00e9sidus de supports d\u2019impressions en limant toute trace de ces derniers le cas \u00e9ch\u00e9ant. Une simple couche d\u2019appr\u00eat vous permet de pr\u00e9parer les surfaces pour la mise en peinture.<span class=\"Apple-converted-space\">\u00a0<\/span><\/p>\t\t\t\t\t\t\t\t<\/div>\n\t\t\t\t<\/div>\n\t\t\t\t\t<\/div>\n\t\t<\/div>\n\t\t\t\t\t<\/div>\n\t\t<\/section>\n\t\t\t\t<section class=\"elementor-section elementor-top-section elementor-element elementor-element-ce0cab5 elementor-section-boxed elementor-section-height-default elementor-section-height-default\" data-id=\"ce0cab5\" data-element_type=\"section\" data-e-type=\"section\">\n\t\t\t\t\t\t<div class=\"elementor-container elementor-column-gap-default\">\n\t\t\t\t\t<div class=\"elementor-column elementor-col-100 elementor-top-column elementor-element elementor-element-0beacdb\" data-id=\"0beacdb\" data-element_type=\"column\" data-e-type=\"column\">\n\t\t\t<div class=\"elementor-widget-wrap elementor-element-populated\">\n\t\t\t\t\t\t<div class=\"elementor-element elementor-element-6a19c41 elementor-widget elementor-widget-video\" data-id=\"6a19c41\" data-element_type=\"widget\" data-e-type=\"widget\" data-settings=\"{&quot;youtube_url&quot;:&quot;https:\\\/\\\/www.youtube.com\\\/watch?v=YQ3CCM1RpnA&quot;,&quot;video_type&quot;:&quot;youtube&quot;,&quot;controls&quot;:&quot;yes&quot;}\" data-widget_type=\"video.default\">\n\t\t\t\t<div class=\"elementor-widget-container\">\n\t\t\t\t\t\t\t<div class=\"elementor-wrapper elementor-open-inline\">\n\t\t\t<div class=\"elementor-video\"><\/div>\t\t<\/div>\n\t\t\t\t\t\t<\/div>\n\t\t\t\t<\/div>\n\t\t\t\t\t<\/div>\n\t\t<\/div>\n\t\t\t\t\t<\/div>\n\t\t<\/section>\n\t\t\t\t<\/div>\n\t\t","protected":false},"excerpt":{"rendered":"<p>FAQ &#8211; Questions\/R\u00e9ponses En combien de temps suis-je livr\u00e9 ?&nbsp; Vos commandes sont g\u00e9n\u00e9ralement exp\u00e9di\u00e9es sous deux jours ouvr\u00e9s. Toutefois si il est n\u00e9c\u00e9ssaire de produire une pi\u00e8ce n\u2019\u00e9tant pas en stock alors ce d\u00e9lai peut s\u2019\u00e9tendre \u00e0 une semaine. Colissimo se charge du reste et livre g\u00e9n\u00e9ralement sous 48h.&nbsp; Le paiement en ligne est-il [&hellip;]<\/p>\n","protected":false},"author":1,"featured_media":0,"parent":0,"menu_order":0,"comment_status":"closed","ping_status":"closed","template":"","meta":{"_monsterinsights_skip_tracking":false,"_monsterinsights_sitenote_active":false,"_monsterinsights_sitenote_note":"","_monsterinsights_sitenote_category":0,"footnotes":""},"class_list":["post-484","page","type-page","status-publish","hentry"],"blocksy_meta":{"styles_descriptor":{"styles":{"desktop":"","tablet":"","mobile":""},"google_fonts":[],"version":6}},"aioseo_notices":[],"_links":{"self":[{"href":"https:\/\/miniatrains-modeles.com\/index.php?rest_route=\/wp\/v2\/pages\/484","targetHints":{"allow":["GET"]}}],"collection":[{"href":"https:\/\/miniatrains-modeles.com\/index.php?rest_route=\/wp\/v2\/pages"}],"about":[{"href":"https:\/\/miniatrains-modeles.com\/index.php?rest_route=\/wp\/v2\/types\/page"}],"author":[{"embeddable":true,"href":"https:\/\/miniatrains-modeles.com\/index.php?rest_route=\/wp\/v2\/users\/1"}],"replies":[{"embeddable":true,"href":"https:\/\/miniatrains-modeles.com\/index.php?rest_route=%2Fwp%2Fv2%2Fcomments&post=484"}],"version-history":[{"count":5,"href":"https:\/\/miniatrains-modeles.com\/index.php?rest_route=\/wp\/v2\/pages\/484\/revisions"}],"predecessor-version":[{"id":489,"href":"https:\/\/miniatrains-modeles.com\/index.php?rest_route=\/wp\/v2\/pages\/484\/revisions\/489"}],"wp:attachment":[{"href":"https:\/\/miniatrains-modeles.com\/index.php?rest_route=%2Fwp%2Fv2%2Fmedia&parent=484"}],"curies":[{"name":"wp","href":"https:\/\/api.w.org\/{rel}","templated":true}]}}